{"id":267,"date":"2024-08-21T15:33:12","date_gmt":"2024-08-21T13:33:12","guid":{"rendered":"https:\/\/www.epolog.com\/?page_id=267"},"modified":"2025-11-04T10:37:08","modified_gmt":"2025-11-04T09:37:08","slug":"containerstau","status":"publish","type":"page","link":"https:\/\/www.epolog.com\/?page_id=267","title":{"rendered":"Containerstau"},"content":{"rendered":"\t\t<div data-elementor-type=\"wp-page\" data-elementor-id=\"267\" class=\"elementor elementor-267\">\n\t\t\t\t<div class=\"elementor-element elementor-element-4790ecb e-flex e-con-boxed e-con e-parent\" data-id=\"4790ecb\" data-element_type=\"container\" data-settings=\"{&quot;background_background&quot;:&quot;video&quot;,&quot;background_video_link&quot;:&quot;https:\\\/\\\/youtu.be\\\/5YAm1QA6Sfk&quot;}\">\n\t\t\t\t\t<div class=\"e-con-inner\">\n\t\t<div class=\"elementor-background-video-container elementor-hidden-mobile\" aria-hidden=\"true\">\n\t\t\t\t\t\t\t<div class=\"elementor-background-video-embed\"><\/div>\n\t\t\t\t\t\t<\/div>\t\t<div class=\"elementor-element elementor-element-c075eeb elementor-widget elementor-widget-heading\" data-id=\"c075eeb\" data-element_type=\"widget\" data-widget_type=\"heading.default\">\n\t\t\t\t<div class=\"elementor-widget-container\">\n\t\t\t\t\t<h2 class=\"elementor-heading-title elementor-size-default\">Individueller Containerstau f\u00fcr maximale Sicherheit<\/h2>\t\t\t\t<\/div>\n\t\t\t\t<\/div>\n\t\t\t\t<div class=\"elementor-element elementor-element-ba0656b elementor-widget elementor-widget-button\" data-id=\"ba0656b\" data-element_type=\"widget\" data-widget_type=\"button.default\">\n\t\t\t\t<div class=\"elementor-widget-container\">\n\t\t\t\t\t\t\t\t\t<div class=\"elementor-button-wrapper\">\n\t\t\t\t\t<a class=\"elementor-button elementor-button-link elementor-size-sm\" href=\"https:\/\/www.epolog.com\/?page_id=16\">\n\t\t\t\t\t\t<span class=\"elementor-button-content-wrapper\">\n\t\t\t\t\t\t\t\t\t<span class=\"elementor-button-text\">Jetzt Containerstau anfragen!<\/span>\n\t\t\t\t\t<\/span>\n\t\t\t\t\t<\/a>\n\t\t\t\t<\/div>\n\t\t\t\t\t\t\t\t<\/div>\n\t\t\t\t<\/div>\n\t\t\t\t\t<\/div>\n\t\t\t\t<\/div>\n\t\t<div class=\"elementor-element elementor-element-bbe1985 e-flex e-con-boxed e-con e-parent\" data-id=\"bbe1985\" data-element_type=\"container\">\n\t\t\t\t\t<div class=\"e-con-inner\">\n\t\t<div class=\"elementor-element elementor-element-f72843c e-con-full e-flex e-con e-child\" data-id=\"f72843c\" data-element_type=\"container\">\n\t\t\t\t<div class=\"elementor-element elementor-element-0090b39 elementor-widget elementor-widget-image\" data-id=\"0090b39\" data-element_type=\"widget\" data-widget_type=\"image.default\">\n\t\t\t\t<div class=\"elementor-widget-container\">\n\t\t\t\t\t\t\t\t\t\t\t\t\t\t\t<img fetchpriority=\"high\" decoding=\"async\" width=\"1024\" height=\"683\" src=\"https:\/\/www.epolog.com\/wp-content\/uploads\/2024\/08\/Website-bilder15-1-1024x683.jpg\" class=\"attachment-large size-large wp-image-306\" alt=\"\" srcset=\"https:\/\/www.epolog.com\/wp-content\/uploads\/2024\/08\/Website-bilder15-1-1024x683.jpg 1024w, https:\/\/www.epolog.com\/wp-content\/uploads\/2024\/08\/Website-bilder15-1-300x200.jpg 300w, https:\/\/www.epolog.com\/wp-content\/uploads\/2024\/08\/Website-bilder15-1-768x512.jpg 768w, https:\/\/www.epolog.com\/wp-content\/uploads\/2024\/08\/Website-bilder15-1.jpg 1500w\" sizes=\"(max-width: 1024px) 100vw, 1024px\" \/>\t\t\t\t\t\t\t\t\t\t\t\t\t\t\t<\/div>\n\t\t\t\t<\/div>\n\t\t\t\t<\/div>\n\t\t<div class=\"elementor-element elementor-element-919f33b e-con-full e-flex e-con e-child\" data-id=\"919f33b\" data-element_type=\"container\">\n\t\t\t\t<div class=\"elementor-element elementor-element-94804fa elementor-widget elementor-widget-heading\" data-id=\"94804fa\" data-element_type=\"widget\" data-widget_type=\"heading.default\">\n\t\t\t\t<div class=\"elementor-widget-container\">\n\t\t\t\t\t<h2 class=\"elementor-heading-title elementor-size-default\">Optimierter Containerstau \u2013 Sicher und Effizient<\/h2>\t\t\t\t<\/div>\n\t\t\t\t<\/div>\n\t\t\t\t<div class=\"elementor-element elementor-element-9e077de elementor-widget elementor-widget-text-editor\" data-id=\"9e077de\" data-element_type=\"widget\" data-widget_type=\"text-editor.default\">\n\t\t\t\t<div class=\"elementor-widget-container\">\n\t\t\t\t\t\t\t\t\t<p><strong>Spezialisiertes Equipment:<\/strong> F\u00fcr schwere und sperrige G\u00fcter setzen wir auf spezielles Equipment und langj\u00e4hrige Erfahrung, um diese sicher in Standardcontainern zu stauen oder auf Flats zu fixieren.<\/p><p><strong>Fachgerechte Beladung:<\/strong> Ob in unseren Packstationen oder direkt bei Ihnen vor Ort \u2013 unser Team unterst\u00fctzt Sie bei der fachgerechten Containerbeladung, damit Ihre G\u00fcter sicher und unbeschadet ihr Ziel erreichen.<\/p>\t\t\t\t\t\t\t\t<\/div>\n\t\t\t\t<\/div>\n\t\t\t\t<\/div>\n\t\t\t\t\t<\/div>\n\t\t\t\t<\/div>\n\t\t<div class=\"elementor-element elementor-element-22f6f34 e-flex e-con-boxed e-con e-parent\" data-id=\"22f6f34\" data-element_type=\"container\">\n\t\t\t\t\t<div class=\"e-con-inner\">\n\t\t<div class=\"elementor-element elementor-element-f822038 e-con-full e-flex e-con e-child\" data-id=\"f822038\" data-element_type=\"container\">\n\t\t\t\t<div class=\"elementor-element elementor-element-63615ea elementor-widget elementor-widget-heading\" data-id=\"63615ea\" data-element_type=\"widget\" data-widget_type=\"heading.default\">\n\t\t\t\t<div class=\"elementor-widget-container\">\n\t\t\t\t\t<h2 class=\"elementor-heading-title elementor-size-default\">Umfassende Dienstleistungen im Hafen Hamburg<\/h2>\t\t\t\t<\/div>\n\t\t\t\t<\/div>\n\t\t\t\t<div class=\"elementor-element elementor-element-1054a82 elementor-widget elementor-widget-text-editor\" data-id=\"1054a82\" data-element_type=\"widget\" data-widget_type=\"text-editor.default\">\n\t\t\t\t<div class=\"elementor-widget-container\">\n\t\t\t\t\t\t\t\t\t<p><strong>Hafeninfrastruktur:<\/strong> Nutzen Sie unsere umfangreichen M\u00f6glichkeiten im Hafen Hamburg \u2013 von Krankapazit\u00e4ten bis hin zu Lagerm\u00f6glichkeiten, bieten wir Ihnen alles, was f\u00fcr eine reibungslose Verladung n\u00f6tig ist.<\/p><p><strong>Verpackungs- und Transportservices:<\/strong> Neben Verpackungsdienstleistungen bieten wir die Umfuhr per Schute oder Binnenschiff an, um Ihre G\u00fcter optimal und kosteneffizient weiterzutransportieren.<\/p>\t\t\t\t\t\t\t\t<\/div>\n\t\t\t\t<\/div>\n\t\t\t\t<\/div>\n\t\t<div class=\"elementor-element elementor-element-42118f9 e-con-full e-flex e-con e-child\" data-id=\"42118f9\" data-element_type=\"container\">\n\t\t\t\t<div class=\"elementor-element elementor-element-fd0981d elementor-widget elementor-widget-image\" data-id=\"fd0981d\" data-element_type=\"widget\" data-widget_type=\"image.default\">\n\t\t\t\t<div class=\"elementor-widget-container\">\n\t\t\t\t\t\t\t\t\t\t\t\t\t\t\t<img decoding=\"async\" width=\"1024\" height=\"683\" src=\"https:\/\/www.epolog.com\/wp-content\/uploads\/2024\/08\/Website-Bild-Containerstau-Bild-2--1024x683.jpg\" class=\"attachment-large size-large wp-image-357\" alt=\"\" srcset=\"https:\/\/www.epolog.com\/wp-content\/uploads\/2024\/08\/Website-Bild-Containerstau-Bild-2--1024x683.jpg 1024w, https:\/\/www.epolog.com\/wp-content\/uploads\/2024\/08\/Website-Bild-Containerstau-Bild-2--300x200.jpg 300w, https:\/\/www.epolog.com\/wp-content\/uploads\/2024\/08\/Website-Bild-Containerstau-Bild-2--768x512.jpg 768w, https:\/\/www.epolog.com\/wp-content\/uploads\/2024\/08\/Website-Bild-Containerstau-Bild-2-.jpg 1500w\" sizes=\"(max-width: 1024px) 100vw, 1024px\" \/>\t\t\t\t\t\t\t\t\t\t\t\t\t\t\t<\/div>\n\t\t\t\t<\/div>\n\t\t\t\t<\/div>\n\t\t\t\t\t<\/div>\n\t\t\t\t<\/div>\n\t\t<div class=\"elementor-element elementor-element-67cac3b e-flex e-con-boxed e-con e-parent\" data-id=\"67cac3b\" data-element_type=\"container\">\n\t\t\t\t\t<div class=\"e-con-inner\">\n\t\t<div class=\"elementor-element elementor-element-cfeb0bd e-con-full e-flex e-con e-child\" data-id=\"cfeb0bd\" data-element_type=\"container\">\n\t\t\t\t<div class=\"elementor-element elementor-element-0c5624b elementor-widget elementor-widget-image\" data-id=\"0c5624b\" data-element_type=\"widget\" data-widget_type=\"image.default\">\n\t\t\t\t<div class=\"elementor-widget-container\">\n\t\t\t\t\t\t\t\t\t\t\t\t\t\t\t<img decoding=\"async\" width=\"1024\" height=\"683\" src=\"https:\/\/www.epolog.com\/wp-content\/uploads\/2024\/08\/Website-bilder17-1024x683.jpg\" class=\"attachment-large size-large wp-image-360\" alt=\"\" srcset=\"https:\/\/www.epolog.com\/wp-content\/uploads\/2024\/08\/Website-bilder17-1024x683.jpg 1024w, https:\/\/www.epolog.com\/wp-content\/uploads\/2024\/08\/Website-bilder17-300x200.jpg 300w, https:\/\/www.epolog.com\/wp-content\/uploads\/2024\/08\/Website-bilder17-768x512.jpg 768w, https:\/\/www.epolog.com\/wp-content\/uploads\/2024\/08\/Website-bilder17.jpg 1500w\" sizes=\"(max-width: 1024px) 100vw, 1024px\" \/>\t\t\t\t\t\t\t\t\t\t\t\t\t\t\t<\/div>\n\t\t\t\t<\/div>\n\t\t\t\t<\/div>\n\t\t<div class=\"elementor-element elementor-element-48b4a4a e-con-full e-flex e-con e-child\" data-id=\"48b4a4a\" data-element_type=\"container\">\n\t\t\t\t<div class=\"elementor-element elementor-element-dc49f61 elementor-widget elementor-widget-heading\" data-id=\"dc49f61\" data-element_type=\"widget\" data-widget_type=\"heading.default\">\n\t\t\t\t<div class=\"elementor-widget-container\">\n\t\t\t\t\t<h2 class=\"elementor-heading-title elementor-size-default\">Kostenoptimierung und Effizienz<\/h2>\t\t\t\t<\/div>\n\t\t\t\t<\/div>\n\t\t\t\t<div class=\"elementor-element elementor-element-fb6a082 elementor-widget elementor-widget-text-editor\" data-id=\"fb6a082\" data-element_type=\"widget\" data-widget_type=\"text-editor.default\">\n\t\t\t\t<div class=\"elementor-widget-container\">\n\t\t\t\t\t\t\t\t\t<p><strong>Ermittlung des Containerbedarfs:<\/strong> Wir unterst\u00fctzen Sie bei der Ermittlung des optimalen Containerbedarfs, um Kosten zu reduzieren und den Einsatz der Container zu optimieren.<\/p><p><strong>Effiziente Transportm\u00f6glichkeiten:<\/strong> Durch optimierte Abl\u00e4ufe und schnelle Transportm\u00f6glichkeiten sorgen wir daf\u00fcr, dass Ihre G\u00fcter z\u00fcgig und sicher ans Ziel gelangen.<\/p>\t\t\t\t\t\t\t\t<\/div>\n\t\t\t\t<\/div>\n\t\t\t\t<\/div>\n\t\t\t\t\t<\/div>\n\t\t\t\t<\/div>\n\t\t<div class=\"elementor-element elementor-element-732e9d8 e-flex e-con-boxed e-con e-parent\" data-id=\"732e9d8\" data-element_type=\"container\">\n\t\t\t\t\t<div class=\"e-con-inner\">\n\t\t<div class=\"elementor-element elementor-element-8294046 e-con-full e-flex e-con e-child\" data-id=\"8294046\" data-element_type=\"container\">\n\t\t\t\t<div class=\"elementor-element elementor-element-4c964b8 elementor-widget elementor-widget-heading\" data-id=\"4c964b8\" data-element_type=\"widget\" data-widget_type=\"heading.default\">\n\t\t\t\t<div class=\"elementor-widget-container\">\n\t\t\t\t\t<h2 class=\"elementor-heading-title elementor-size-default\">Vertrauen Sie auf unsere Expertise<\/h2>\t\t\t\t<\/div>\n\t\t\t\t<\/div>\n\t\t\t\t<div class=\"elementor-element elementor-element-00f1bc3 elementor-widget elementor-widget-text-editor\" data-id=\"00f1bc3\" data-element_type=\"widget\" data-widget_type=\"text-editor.default\">\n\t\t\t\t<div class=\"elementor-widget-container\">\n\t\t\t\t\t\t\t\t\t<p><strong>Ergebnisorientiert:<\/strong> Fordern Sie uns heraus \u2013 unser Know-how und unsere Erfahrung im Containerstau werden Sie \u00fcberzeugen und Ihre Logistikkosten senken.<\/p><p><strong>Sicher und effizient:<\/strong> Mit unserem spezialisierten Team und den richtigen Rahmenbedingungen im Hafen Hamburg garantieren wir Ihnen eine effiziente und sichere Abwicklung Ihrer Containerbeladung.<\/p>\t\t\t\t\t\t\t\t<\/div>\n\t\t\t\t<\/div>\n\t\t\t\t<\/div>\n\t\t<div class=\"elementor-element elementor-element-edeb741 e-con-full e-flex e-con e-child\" data-id=\"edeb741\" data-element_type=\"container\">\n\t\t\t\t<div class=\"elementor-element elementor-element-d9bd166 elementor-widget elementor-widget-image\" data-id=\"d9bd166\" data-element_type=\"widget\" data-widget_type=\"image.default\">\n\t\t\t\t<div class=\"elementor-widget-container\">\n\t\t\t\t\t\t\t\t\t\t\t\t\t\t\t<img loading=\"lazy\" decoding=\"async\" width=\"1024\" height=\"683\" src=\"https:\/\/www.epolog.com\/wp-content\/uploads\/2024\/08\/Website-bilder-Containerstau-Bild-41-1024x683.jpg\" class=\"attachment-large size-large wp-image-356\" alt=\"\" srcset=\"https:\/\/www.epolog.com\/wp-content\/uploads\/2024\/08\/Website-bilder-Containerstau-Bild-41-1024x683.jpg 1024w, https:\/\/www.epolog.com\/wp-content\/uploads\/2024\/08\/Website-bilder-Containerstau-Bild-41-300x200.jpg 300w, https:\/\/www.epolog.com\/wp-content\/uploads\/2024\/08\/Website-bilder-Containerstau-Bild-41-768x512.jpg 768w, https:\/\/www.epolog.com\/wp-content\/uploads\/2024\/08\/Website-bilder-Containerstau-Bild-41.jpg 1500w\" sizes=\"(max-width: 1024px) 100vw, 1024px\" \/>\t\t\t\t\t\t\t\t\t\t\t\t\t\t\t<\/div>\n\t\t\t\t<\/div>\n\t\t\t\t<\/div>\n\t\t\t\t\t<\/div>\n\t\t\t\t<\/div>\n\t\t<div class=\"elementor-element elementor-element-66c4c15 e-flex e-con-boxed e-con e-parent\" data-id=\"66c4c15\" data-element_type=\"container\">\n\t\t\t\t\t<div class=\"e-con-inner\">\n\t\t\t\t<div class=\"elementor-element elementor-element-754c16e elementor-widget elementor-widget-button\" data-id=\"754c16e\" data-element_type=\"widget\" data-widget_type=\"button.default\">\n\t\t\t\t<div class=\"elementor-widget-container\">\n\t\t\t\t\t\t\t\t\t<div class=\"elementor-button-wrapper\">\n\t\t\t\t\t<a class=\"elementor-button elementor-button-link elementor-size-sm\" href=\"https:\/\/www.epolog.com\/?page_id=16\">\n\t\t\t\t\t\t<span class=\"elementor-button-content-wrapper\">\n\t\t\t\t\t\t\t\t\t<span class=\"elementor-button-text\">Jetzt Containerstau anfragen!<\/span>\n\t\t\t\t\t<\/span>\n\t\t\t\t\t<\/a>\n\t\t\t\t<\/div>\n\t\t\t\t\t\t\t\t<\/div>\n\t\t\t\t<\/div>\n\t\t\t\t\t<\/div>\n\t\t\t\t<\/div>\n\t\t<div class=\"elementor-element elementor-element-52f1138 e-flex e-con-boxed e-con e-parent\" data-id=\"52f1138\" data-element_type=\"container\">\n\t\t\t\t\t<div class=\"e-con-inner\">\n\t\t\t\t<div class=\"elementor-element elementor-element-c29637e elementor-widget elementor-widget-heading\" data-id=\"c29637e\" data-element_type=\"widget\" data-widget_type=\"heading.default\">\n\t\t\t\t<div class=\"elementor-widget-container\">\n\t\t\t\t\t<h2 class=\"elementor-heading-title elementor-size-default\">Entdecken Sie jetzt unsere weiteren Leistungen!<\/h2>\t\t\t\t<\/div>\n\t\t\t\t<\/div>\n\t\t\t\t\t<\/div>\n\t\t\t\t<\/div>\n\t\t<div class=\"elementor-element elementor-element-56f489b e-flex e-con-boxed e-con e-parent\" data-id=\"56f489b\" data-element_type=\"container\">\n\t\t\t\t\t<div class=\"e-con-inner\">\n\t\t<div class=\"elementor-element elementor-element-60aa63d e-con-full e-flex e-con e-child\" data-id=\"60aa63d\" data-element_type=\"container\">\n\t\t\t\t<div class=\"elementor-element elementor-element-ea5441b elementor-widget-mobile__width-initial elementor-widget elementor-widget-image\" data-id=\"ea5441b\" data-element_type=\"widget\" data-widget_type=\"image.default\">\n\t\t\t\t<div class=\"elementor-widget-container\">\n\t\t\t\t\t\t\t\t\t\t\t\t\t\t\t\t<a href=\"https:\/\/www.epolog.com\/?page_id=186\">\n\t\t\t\t\t\t\t<img loading=\"lazy\" decoding=\"async\" width=\"1024\" height=\"683\" src=\"https:\/\/www.epolog.com\/wp-content\/uploads\/2024\/08\/6-1024x683.jpg\" class=\"attachment-large size-large wp-image-301\" alt=\"\" srcset=\"https:\/\/www.epolog.com\/wp-content\/uploads\/2024\/08\/6-1024x683.jpg 1024w, https:\/\/www.epolog.com\/wp-content\/uploads\/2024\/08\/6-300x200.jpg 300w, https:\/\/www.epolog.com\/wp-content\/uploads\/2024\/08\/6-768x512.jpg 768w, https:\/\/www.epolog.com\/wp-content\/uploads\/2024\/08\/6.jpg 1500w\" sizes=\"(max-width: 1024px) 100vw, 1024px\" \/>\t\t\t\t\t\t\t\t<\/a>\n\t\t\t\t\t\t\t\t\t\t\t\t\t\t\t<\/div>\n\t\t\t\t<\/div>\n\t\t\t\t<div class=\"elementor-element elementor-element-7a98cf5 elementor-widget elementor-widget-heading\" data-id=\"7a98cf5\" data-element_type=\"widget\" data-widget_type=\"heading.default\">\n\t\t\t\t<div class=\"elementor-widget-container\">\n\t\t\t\t\t<h2 class=\"elementor-heading-title elementor-size-default\"><a href=\"https:\/\/www.epolog.com\/?page_id=186\">Verpackung<\/a><\/h2>\t\t\t\t<\/div>\n\t\t\t\t<\/div>\n\t\t\t\t<\/div>\n\t\t<div class=\"elementor-element elementor-element-a99bf3a e-con-full e-flex e-con e-child\" data-id=\"a99bf3a\" data-element_type=\"container\">\n\t\t\t\t<div class=\"elementor-element elementor-element-9847424 elementor-widget elementor-widget-image\" data-id=\"9847424\" data-element_type=\"widget\" data-widget_type=\"image.default\">\n\t\t\t\t<div class=\"elementor-widget-container\">\n\t\t\t\t\t\t\t\t\t\t\t\t\t\t\t\t<a href=\"https:\/\/www.epolog.com\/?page_id=315\">\n\t\t\t\t\t\t\t<img loading=\"lazy\" decoding=\"async\" width=\"1024\" height=\"683\" src=\"https:\/\/www.epolog.com\/wp-content\/uploads\/2024\/08\/8-1024x683.jpg\" class=\"attachment-large size-large wp-image-302\" alt=\"\" srcset=\"https:\/\/www.epolog.com\/wp-content\/uploads\/2024\/08\/8-1024x683.jpg 1024w, https:\/\/www.epolog.com\/wp-content\/uploads\/2024\/08\/8-300x200.jpg 300w, https:\/\/www.epolog.com\/wp-content\/uploads\/2024\/08\/8-768x512.jpg 768w, https:\/\/www.epolog.com\/wp-content\/uploads\/2024\/08\/8.jpg 1500w\" sizes=\"(max-width: 1024px) 100vw, 1024px\" \/>\t\t\t\t\t\t\t\t<\/a>\n\t\t\t\t\t\t\t\t\t\t\t\t\t\t\t<\/div>\n\t\t\t\t<\/div>\n\t\t\t\t<div class=\"elementor-element elementor-element-c845794 elementor-widget elementor-widget-heading\" data-id=\"c845794\" data-element_type=\"widget\" data-widget_type=\"heading.default\">\n\t\t\t\t<div class=\"elementor-widget-container\">\n\t\t\t\t\t<h2 class=\"elementor-heading-title elementor-size-default\"><a href=\"https:\/\/www.epolog.com\/?page_id=315\">Spedition<\/a><\/h2>\t\t\t\t<\/div>\n\t\t\t\t<\/div>\n\t\t\t\t<\/div>\n\t\t<div class=\"elementor-element elementor-element-59e6977 e-con-full e-flex e-con e-child\" data-id=\"59e6977\" data-element_type=\"container\">\n\t\t\t\t<div class=\"elementor-element elementor-element-5c19bfc elementor-widget elementor-widget-image\" data-id=\"5c19bfc\" data-element_type=\"widget\" data-widget_type=\"image.default\">\n\t\t\t\t<div class=\"elementor-widget-container\">\n\t\t\t\t\t\t\t\t\t\t\t\t\t\t\t\t<a href=\"https:\/\/www.epolog.com\/?page_id=326\">\n\t\t\t\t\t\t\t<img loading=\"lazy\" decoding=\"async\" width=\"1024\" height=\"683\" src=\"https:\/\/www.epolog.com\/wp-content\/uploads\/2024\/08\/Website-bilder16-1024x683.jpg\" class=\"attachment-large size-large wp-image-311\" alt=\"\" srcset=\"https:\/\/www.epolog.com\/wp-content\/uploads\/2024\/08\/Website-bilder16-1024x683.jpg 1024w, https:\/\/www.epolog.com\/wp-content\/uploads\/2024\/08\/Website-bilder16-300x200.jpg 300w, https:\/\/www.epolog.com\/wp-content\/uploads\/2024\/08\/Website-bilder16-768x512.jpg 768w, https:\/\/www.epolog.com\/wp-content\/uploads\/2024\/08\/Website-bilder16.jpg 1500w\" sizes=\"(max-width: 1024px) 100vw, 1024px\" \/>\t\t\t\t\t\t\t\t<\/a>\n\t\t\t\t\t\t\t\t\t\t\t\t\t\t\t<\/div>\n\t\t\t\t<\/div>\n\t\t\t\t<div class=\"elementor-element elementor-element-b6ca0d0 elementor-widget elementor-widget-heading\" data-id=\"b6ca0d0\" data-element_type=\"widget\" data-widget_type=\"heading.default\">\n\t\t\t\t<div class=\"elementor-widget-container\">\n\t\t\t\t\t<h2 class=\"elementor-heading-title elementor-size-default\"><a href=\"https:\/\/www.epolog.com\/?page_id=326\">Packmittel<\/a><\/h2>\t\t\t\t<\/div>\n\t\t\t\t<\/div>\n\t\t\t\t<\/div>\n\t\t<div class=\"elementor-element elementor-element-67b9623 e-con-full e-flex e-con e-child\" data-id=\"67b9623\" data-element_type=\"container\">\n\t\t\t\t<div class=\"elementor-element elementor-element-3d7b3b4 elementor-widget elementor-widget-image\" data-id=\"3d7b3b4\" data-element_type=\"widget\" data-widget_type=\"image.default\">\n\t\t\t\t<div class=\"elementor-widget-container\">\n\t\t\t\t\t\t\t\t\t\t\t\t\t\t\t\t<a href=\"https:\/\/www.epolog.com\/?page_id=337\">\n\t\t\t\t\t\t\t<img loading=\"lazy\" decoding=\"async\" width=\"1024\" height=\"683\" src=\"https:\/\/www.epolog.com\/wp-content\/uploads\/2024\/08\/10-1024x683.jpg\" class=\"attachment-large size-large wp-image-300\" alt=\"\" srcset=\"https:\/\/www.epolog.com\/wp-content\/uploads\/2024\/08\/10-1024x683.jpg 1024w, https:\/\/www.epolog.com\/wp-content\/uploads\/2024\/08\/10-300x200.jpg 300w, https:\/\/www.epolog.com\/wp-content\/uploads\/2024\/08\/10-768x512.jpg 768w, https:\/\/www.epolog.com\/wp-content\/uploads\/2024\/08\/10.jpg 1500w\" sizes=\"(max-width: 1024px) 100vw, 1024px\" \/>\t\t\t\t\t\t\t\t<\/a>\n\t\t\t\t\t\t\t\t\t\t\t\t\t\t\t<\/div>\n\t\t\t\t<\/div>\n\t\t\t\t<div class=\"elementor-element elementor-element-b5e67da elementor-widget elementor-widget-heading\" data-id=\"b5e67da\" data-element_type=\"widget\" data-widget_type=\"heading.default\">\n\t\t\t\t<div class=\"elementor-widget-container\">\n\t\t\t\t\t<h2 class=\"elementor-heading-title elementor-size-default\"><a href=\"https:\/\/www.epolog.com\/?page_id=337\">Lagerhaltung<\/a><\/h2>\t\t\t\t<\/div>\n\t\t\t\t<\/div>\n\t\t\t\t<\/div>\n\t\t\t\t\t<\/div>\n\t\t\t\t<\/div>\n\t\t\t\t<\/div>\n\t\t","protected":false},"excerpt":{"rendered":"<p>Individueller Containerstau f\u00fcr maximale Sicherheit Jetzt Containerstau anfragen! Optimierter Containerstau \u2013 Sicher und Effizient Spezialisiertes Equipment: F\u00fcr schwere und sperrige G\u00fcter setzen wir auf spezielles Equipment und langj\u00e4hrige Erfahrung, um diese sicher in Standardcontainern zu stauen oder auf Flats zu fixieren. Fachgerechte Beladung: Ob in unseren Packstationen oder direkt bei Ihnen vor Ort \u2013 unser [&hellip;]<\/p>\n","protected":false},"author":2,"featured_media":0,"parent":0,"menu_order":0,"comment_status":"closed","ping_status":"closed","template":"","meta":{"_monsterinsights_skip_tracking":false,"_monsterinsights_sitenote_active":false,"_monsterinsights_sitenote_note":"","_monsterinsights_sitenote_category":0,"ocean_post_layout":"full-screen","ocean_both_sidebars_style":"","ocean_both_sidebars_content_width":0,"ocean_both_sidebars_sidebars_width":0,"ocean_sidebar":"","ocean_second_sidebar":"","ocean_disable_margins":"enable","ocean_add_body_class":"","ocean_shortcode_before_top_bar":"","ocean_shortcode_after_top_bar":"","ocean_shortcode_before_header":"","ocean_shortcode_after_header":"","ocean_has_shortcode":"","ocean_shortcode_after_title":"","ocean_shortcode_before_footer_widgets":"","ocean_shortcode_after_footer_widgets":"","ocean_shortcode_before_footer_bottom":"","ocean_shortcode_after_footer_bottom":"","ocean_display_top_bar":"off","ocean_display_header":"default","ocean_header_style":"","ocean_center_header_left_menu":"","ocean_custom_header_template":"","ocean_custom_logo":0,"ocean_custom_retina_logo":0,"ocean_custom_logo_max_width":0,"ocean_custom_logo_tablet_max_width":0,"ocean_custom_logo_mobile_max_width":0,"ocean_custom_logo_max_height":0,"ocean_custom_logo_tablet_max_height":0,"ocean_custom_logo_mobile_max_height":0,"ocean_header_custom_menu":"","ocean_menu_typo_font_family":"","ocean_menu_typo_font_subset":"","ocean_menu_typo_font_size":0,"ocean_menu_typo_font_size_tablet":0,"ocean_menu_typo_font_size_mobile":0,"ocean_menu_typo_font_size_unit":"px","ocean_menu_typo_font_weight":"","ocean_menu_typo_font_weight_tablet":"","ocean_menu_typo_font_weight_mobile":"","ocean_menu_typo_transform":"","ocean_menu_typo_transform_tablet":"","ocean_menu_typo_transform_mobile":"","ocean_menu_typo_line_height":0,"ocean_menu_typo_line_height_tablet":0,"ocean_menu_typo_line_height_mobile":0,"ocean_menu_typo_line_height_unit":"","ocean_menu_typo_spacing":0,"ocean_menu_typo_spacing_tablet":0,"ocean_menu_typo_spacing_mobile":0,"ocean_menu_typo_spacing_unit":"","ocean_menu_link_color":"","ocean_menu_link_color_hover":"","ocean_menu_link_color_active":"","ocean_menu_link_background":"","ocean_menu_link_hover_background":"","ocean_menu_link_active_background":"","ocean_menu_social_links_bg":"","ocean_menu_social_hover_links_bg":"","ocean_menu_social_links_color":"","ocean_menu_social_hover_links_color":"","ocean_disable_title":"on","ocean_disable_heading":"default","ocean_post_title":"","ocean_post_subheading":"","ocean_post_title_style":"","ocean_post_title_background_color":"","ocean_post_title_background":0,"ocean_post_title_bg_image_position":"","ocean_post_title_bg_image_attachment":"","ocean_post_title_bg_image_repeat":"","ocean_post_title_bg_image_size":"","ocean_post_title_height":0,"ocean_post_title_bg_overlay":0.5,"ocean_post_title_bg_overlay_color":"","ocean_disable_breadcrumbs":"default","ocean_breadcrumbs_color":"","ocean_breadcrumbs_separator_color":"","ocean_breadcrumbs_links_color":"","ocean_breadcrumbs_links_hover_color":"","ocean_display_footer_widgets":"off","ocean_display_footer_bottom":"default","ocean_custom_footer_template":"","footnotes":""},"class_list":["post-267","page","type-page","status-publish","hentry","entry"],"_links":{"self":[{"href":"https:\/\/www.epolog.com\/index.php?rest_route=\/wp\/v2\/pages\/267","targetHints":{"allow":["GET"]}}],"collection":[{"href":"https:\/\/www.epolog.com\/index.php?rest_route=\/wp\/v2\/pages"}],"about":[{"href":"https:\/\/www.epolog.com\/index.php?rest_route=\/wp\/v2\/types\/page"}],"author":[{"embeddable":true,"href":"https:\/\/www.epolog.com\/index.php?rest_route=\/wp\/v2\/users\/2"}],"replies":[{"embeddable":true,"href":"https:\/\/www.epolog.com\/index.php?rest_route=%2Fwp%2Fv2%2Fcomments&post=267"}],"version-history":[{"count":37,"href":"https:\/\/www.epolog.com\/index.php?rest_route=\/wp\/v2\/pages\/267\/revisions"}],"predecessor-version":[{"id":1370,"href":"https:\/\/www.epolog.com\/index.php?rest_route=\/wp\/v2\/pages\/267\/revisions\/1370"}],"wp:attachment":[{"href":"https:\/\/www.epolog.com\/index.php?rest_route=%2Fwp%2Fv2%2Fmedia&parent=267"}],"curies":[{"name":"wp","href":"https:\/\/api.w.org\/{rel}","templated":true}]}}